{"id":34,"date":"2021-03-01T12:18:52","date_gmt":"2021-03-01T11:18:52","guid":{"rendered":"http:\/\/babyboomshop.fr\/?post_type=product&#038;p=34"},"modified":"2026-04-05T09:58:26","modified_gmt":"2026-04-05T07:58:26","slug":"maxi-lange-ultra-doux-blanc-en-mousseline-de-coton-et-viscose-de-bambou-pour-bebe-doudou-couverture-bavoir-depaule-serviette-emmaillotage-debarbouillette-cadeau-de-naissance","status":"publish","type":"product","link":"https:\/\/babyboomshop.fr\/index.php\/produit\/maxi-lange-ultra-doux-blanc-en-mousseline-de-coton-et-viscose-de-bambou-pour-bebe-doudou-couverture-bavoir-depaule-serviette-emmaillotage-debarbouillette-cadeau-de-naissance\/","title":{"rendered":"Maxi Lange ultra doux blanc en mousseline de coton et viscose de bambou pour b\u00e9b\u00e9 : doudou, couverture, bavoir d&#8217;\u00e9paule, serviette, emmaillotage, d\u00e9barbouillette, cadeau de naissance"},"content":{"rendered":"<ul class=\"a-unordered-list a-vertical a-spacing-mini\">\n<li><span class=\"a-list-item\"><span class=\"a-list-item\">\ud83d\udc76Maxi Lange Ultra doux en mousseline de coton et bambou 120cm X 120cm. L\u00e9ger et doux. Grand tissu carr\u00e9 multifonction r\u00e9utilisable pour doudou, bavoir d&#8217;\u00e9paule, emmaillotage, couverture, d\u00e9barbouillette, cape de bain pour b\u00e9b\u00e9. Accessoire indispensable pour la valise de maternit\u00e9 ou dans un coffret de la liste de cadeau de naissance et de puericulture. Le maxilange prot\u00e8ge et couvre b\u00e9b\u00e9 dans sa poussette, son couffin, dans son lit parapluie ou dans son transat.<\/span><\/span>&nbsp;<\/li>\n<li><span class=\"a-list-item\"><span class=\"a-list-item\">\ud83d\udc76En voyage, en sortie, en d\u00e9placement ou simplement dans la chambre de b\u00e9b\u00e9. Produit nomade \u00e0 glisser dans son trousseau de v\u00eatement avec son petit jouet, sa petite trousse, son body et son pare soleil. Permet \u00e9galement de couvrir le matelas comme une al\u00e8se ou le coussin d&#8217;allaitement et le masque des salet\u00e9s. Les indispensables langes multifonctions sont utilisables \u00e9galement par les enfants, fille ou gar\u00e7on. Rassurez baby dans son sommeil avec l&#8217;emmaillotage en accompagnement du portage.<\/span><\/span>&nbsp;<\/li>\n<li><span class=\"a-list-item\"><span class=\"a-list-item\">\ud83d\udc76R\u00e9utilisable et lavable. Fini le produit de toilette jetable comme la lingette. Prot\u00e8ge votre enfant pour le change comme un tapis pendant vos d\u00e9placements. Plus de besoin de housses : \u00e9conomique et pas cher.<\/span><\/span>&nbsp;<\/li>\n<li><span class=\"a-list-item\"><span class=\"a-list-item\">\ud83d\udc76A glisser dans le sac \u00e0 langer ou le sac \u00e0 dos avec les biberons, les doudous, les lingettes antibact\u00e9riennes et les couches mais \u00e9galement, dans la voiture. Les langes en mousseline multifonctions sont lavables. Accompagne b\u00e9b\u00e9 dans chaque \u00e9tape de son \u00e9volution. Le lange est \u00e9galement utile en couverture d&#8217;allaitement.<\/span><\/span>&nbsp;<\/li>\n<li><span class=\"a-list-item\">\ud83d\udc76Un guide offert de l&#8217;emmaillotage illustr\u00e9 par BABY BOOM avec amour pour nouveau-n\u00e9 \u00e0 t\u00e9l\u00e9charger | version \ud83c\uddeb\ud83c\uddf7\ud83c\udf81 Accompagnez b\u00e9b\u00e9 dans son sommeil gr\u00e2ce \u00e0 l&#8217;emmaillotage. Illustrations en quelques \u00e9tapes pour emmailloter b\u00e9b\u00e9 avec le maxi lange blanc ultra doux en coton et viscose de bambou.<\/span><\/li>\n<\/ul>\n","protected":false},"excerpt":{"rendered":"<p>\ud83d\udc76 Maxi Lange ultra doux blanc en mousseline de coton et viscose de bambou pour b\u00e9b\u00e9.<br \/>\nParfait pour la peau d\u00e9licate du nouveau-n\u00e9 et de b\u00e9b\u00e9 : le lange est pr\u00e9lav\u00e9 et conserve sa douceur lavage apr\u00e8s lavage.<\/p>\n<p>Dimension : 120cm X 120cm \ud83d\udc49 \u00a0maxi format pratique<br \/>\nId\u00e9al comme cadeau de naissance et indispensable dans la valise de maternit\u00e9.<br \/>\nC&#8217;est un basique des produits indispensables pour l&#8217;arriv\u00e9e de b\u00e9b\u00e9 et pour son quotidien.<\/p>\n<p>\ud83d\udc49 Multiusage : \u00a0doudou, couverture, bavoir d&#8217;\u00e9paule, serviette, emmaillotage, d\u00e9barbouillette, plaid, cadeau de liste de naissance, \u00e9charpe, foulard, al\u00e8se, sortie de bain, nid d&#8217;ange, couverture pour poussette, couverture d&#8217;allaitement<\/p>\n<p>\ud83d\ude4f Nous aimons les parents autant que les b\u00e9b\u00e9s.<br \/>\nNotre credo : contribuer au confort des b\u00e9b\u00e9s et simplifier la vie des parents.<br \/>\nNotre fondatrice, Christine, travaille \u00e9troitement avec chaque producteur et fournisseur.<br \/>\nLes produits de BABY BOOM sont n\u00e9s des besoins au quotidien de son fils.<br \/>\nChaque produit est revu et test\u00e9 personnellement par la fondatrice et son fils pour vous offrir une s\u00e9curit\u00e9 et une qualit\u00e9 optimale.<\/p>\n<p>\ud83c\udf81 Un guide de l&#8217;emmaillotage \u00e9tape par \u00e9tape illustr\u00e9 par BABY BOOM offert \u00e0 t\u00e9l\u00e9charger \ud83c\uddeb\ud83c\uddf7<\/p>\n<p>\u267b Le lange est facile d&#8217;entretien : \u00a0il est r\u00e9utilisable et lavable. \u00a0C&#8217;est \u00e9conomique et pas cher !<\/p>\n<p>Entretien :<br \/>\n\u2714 Laver avant la premi\u00e8re utilisation<br \/>\n\u2714 Laver en machine sans chlore \u00e0 l&#8217;eau ti\u00e8de avec des couleurs similaires<br \/>\n\u2714 S\u00e9cher \u00e0 basse temp\u00e9rature<br \/>\n\u2714 Ne pas nettoyer \u00e0 sec<br \/>\n\u2714 Ne pas repasser<\/p>\n<p>N&#8217;h\u00e9sitez pas \u00e0 nous poser vos questions ou faire vos suggestions ! Nous serons ravis de vous r\u00e9pondre.<\/p>\n","protected":false},"featured_media":41,"comment_status":"open","ping_status":"closed","template":"","meta":[],"_links":{"self":[{"href":"https:\/\/babyboomshop.fr\/index.php\/wp-json\/wp\/v2\/product\/34"}],"collection":[{"href":"https:\/\/babyboomshop.fr\/index.php\/wp-json\/wp\/v2\/product"}],"about":[{"href":"https:\/\/babyboomshop.fr\/index.php\/wp-json\/wp\/v2\/types\/product"}],"replies":[{"embeddable":true,"href":"https:\/\/babyboomshop.fr\/index.php\/wp-json\/wp\/v2\/comments?post=34"}],"wp:featuredmedia":[{"embeddable":true,"href":"https:\/\/babyboomshop.fr\/index.php\/wp-json\/wp\/v2\/media\/41"}],"wp:attachment":[{"href":"https:\/\/babyboomshop.fr\/index.php\/wp-json\/wp\/v2\/media?parent=34"}],"curies":[{"name":"wp","href":"https:\/\/api.w.org\/{rel}","templated":true}]}}